p(o) = -175*o**2 - 6291*o + 31. Calculate p(-36).
-293
Let w(b) = -6*b**3 + 161*b**2 - 1335*b + 3361. Give w(9).
13
Let q(u) = u**3 + 12*u**2 - 41*u - 616. What is q(-10)?
-6
Let y(m) = -m**3 + 10*m**2 - 266*m + 3341. Calculate y(11).
294
Let z(l) = -42255*l + 126759. Determine z(3).
-6
Let f(m) = 108750*m - 1413755. Calculate f(13).
-5
Let w(q) = 2*q**2 + 129*q + 1849. Give w(-43).
0
Let u(c) = -3*c**3 - 55*c**2 - 78*c - 519. Calculate u(-17).
-349
Let t(d) = d**2 - 116*d - 19310. Give t(-92).
-174
Let r(j) = j**3 + 47*j**2 + 564*j + 5051. Give r(-35).
11
Let h(w) = -115*w**2 - 3108*w - 92. Calculate h(-27).
-11
Let p(t) = 221*t + 35690. Give p(-162).
-112
Let m(r) = 192*r**3 - 3*r**2 - 1808*r - 1807. Give m(-1).
-194
Let q(x) = -x**3 + 58*x**2 - 820*x + 43. Calculate q(23).
-302
Let t(x) = 2*x**2 - 2323*x - 13983. Determine t(-6).
27
Let i(z) = -z**3 - 183*z**2 - 72*z + 20024. What is i(-182)?
4
Let r(p) = -p**3 + 77*p**2 - 378*p - 108. Determine r(72).
-1404
Let h(f) = 1000632*f + 2001291. Determine h(-2).
27
Let s(w) = 517*w - 41363. Determine s(80).
-3
Let i(h) = 7*h**2 - 11754*h - 35307. Calculate i(-3).
18
Let r(i) = -2*i**3 + 51*i**2 - 99*i + 14. Determine r(24).
-634
Let u(w) = -37*w + 2941. Calculate u(84).
-167
Let a(s) = 25939*s - 8352354. What is a(322)?
4
Let f(c) = -43920*c - 307761. What is f(-7)?
-321
Let p(u) = -9*u**2 + 2481*u - 9885. Determine p(4).
-105
Let m(o) = o**3 + 44*o**2 - 305*o - 7717. Give m(-47).
-9
Let p(k) = -k**3 - 20*k**2 - 68*k + 1024. Determine p(-21).
2893
Let q(l) = l**3 + 181*l**2 - 1526*l - 21. Give q(8).
-133
Let x(t) = -6*t**3 - 56*t**2 - 125*t - 53. Give x(-6).
-23
Let b(f) = -4519*f + 12972. Determine b(3).
-585
Let i(p) = -65*p + 1282. Determine i(23).
-213
Let l(x) = x**3 + 206*x**2 - 574*x - 32840. What is l(-208)?
24
Let o(p) = 32*p**2 + 3422*p + 80. Determine o(-107).
294
Let b(m) = -85*m + 1128. What is b(12)?
108
Let i(h) = -12*h**2 - 7247*h - 28916. Determine i(-4).
-120
Let o(m) = -1137*m - 123884. Determine o(-109).
49
Let y(f) = -126*f**3 + 527*f**2 - 14*f + 23. Give y(2).
1095
Let z(t) = -109*t + 11492. Determine z(100).
592
Let r(t) = -t**3 + 28*t**2 + 201*t - 6020. Determine r(28).
-392
Let g(w) = -w**2 + 90*w + 342. Calculate g(93).
63
Let p(y) = -4646*y + 450657. Determine p(97).
-5
Let d(p) = 64*p**2 - 571*p + 3447. What is d(6)?
2325
Let i(d) = -3474*d - 951855. Determine i(-274).
21
Let w(q) = 3596702*q + 25176934. Determine w(-7).
20
Let d(j) = -223*j + 693. Calculate d(3).
24
Let d(z) = -2*z**3 - 2*z**2 + 189*z + 688. Calculate d(-8).
72
Let b(g) = 139*g**2 - 6677*g + 213. Calculate b(48).
-27
Let x(v) = 8491*v + 7922093. Give x(-933).
-10
Let i(d) = -75305*d - 1054269. Determine i(-14).
1
Let u(f) = 1743366*f - 6973475. Give u(4).
-11
Let u(x) = -111991*x + 1007892. What is u(9)?
-27
Let d(n) = 429*n**2 - 21*n + 7. Calculate d(0).
7
Let h(p) = -6*p**2 - 369*p - 1801. Calculate h(-56).
47
Let o(j) = -5841*j + 525707. Give o(90).
17
Let h(z) = -3495*z + 1379. Determine h(1).
-2116
Let m(w) = -w**3 - 116*w**2 - 843*w + 164. Calculate m(-8).
-4
Let k(r) = 20*r**2 + 204*r - 110. Calculate k(7).
2298
Let z(u) = 228390*u + 1827110. Determine z(-8).
-10
Let q(u) = -5*u**2 - 847149*u - 847149. Determine q(-1).
-5
Let z(m) = 72*m - 1818. Give z(12).
-954
Let r(y) = -11*y**2 + 207*y - 335. What is r(17)?
5
Let r(v) = 5431*v + 54326. Give r(-10).
16
Let p(d) = -84315*d + 75. Give p(0).
75
Let n(t) = 2*t**2 + 601*t + 19002. Give n(-36).
-42
Let p(x) = x**3 - 231*x**2 - 294*x - 40083. Calculate p(233).
-7
Let i(v) = v**3 + 62*v**2 + 800*v + 150. Determine i(-18).
6
Let v(q) = 178935*q + 894651. What is v(-5)?
-24
Let i(j) = 8*j**2 - 398*j + 9395. Determine i(32).
4851
Let s(r) = -256096*r - 255940. Calculate s(-1).
156
Let x(y) = -y**3 - 31*y**2 - 163*y - 698. Calculate x(-26).
160
Let f(z) = -22*z**2 + 26*z - 362. Give f(7).
-1258
Let n(t) = -876*t - 44594. Determine n(-52).
958
Let s(p) = 89421*p - 2235532. What is s(25)?
-7
Let o(f) = -786*f**2 + 17287*f + 110. Calculate o(22).
0
Let a(m) = -2*m**3 + 734*m**2 + 2207*m + 5110. Give a(370).
300
Let h(i) = -3*i**2 + 47*i + 113. Determine h(-3).
-55
Let n(p) = -269*p + 17040. Calculate n(64).
-176
Let m(o) = 16*o**2 - 183*o - 1222. Determine m(-7).
843
Let n(j) = 25*j**3 - 4700*j**2 + 5*j - 773. Give n(188).
167
Let d(p) = 313*p + 14783. Give d(-48).
-241
Let s(v) = -2*v**3 + 111*v**2 - 244*v + 230. Give s(53).
1343
Let d(h) = -774*h**2 + 7*h + 4. Calculate d(-1).
-777
Let f(o) = 5*o**2 - 396*o - 17796. Determine f(-32).
-4
Let c(q) = -23*q**2 - 115*q + 1158. Determine c(-10).
8
Let f(g) = g**2 + 3447*g + 33880. Determine f(-10).
-490
Let q(j) = -8*j**3 + 19*j**2 - 13*j + 85. Calculate q(4).
-175
Let l(k) = -k**3 + 101*k**2 - 2484*k - 583. Give l(58).
-3
Let h(r) = 298*r - 28734. Give h(101).
1364
Let r(o) = 516*o**2 - 54692*o - 423. Calculate r(106).
1
Let n(u) = 36958*u + 517403. What is n(-14)?
-9
Let h(f) = f**3 + 60*f**2 - 1125*f + 2381. Give h(13).
93
Let z(y) = -12*y**3 + 27*y**2 + 50*y - 169. Calculate z(5).
-744
Let w(l) = -2*l**2 - 912*l + 449393. What is w(298)?
9
Let n(p) = -p**2 - 3543*p + 175997. What is n(49)?
-11
Let d(x) = -7*x**2 - 179*x + 502. Calculate d(-28).
26
Let f(l) = -2*l**3 - 101*l**2 + 64*l - 282. Give f(-51).
-945
Let q(v) = -6127*v + 496874. Calculate q(81).
587
Let p(q) = -164*q + 6223. Give p(27).
1795
Let g(d) = -5438*d - 1647720. Determine g(-303).
-6
Let c(x) = 2*x**3 - 58*x**2 + 288*x + 21. What is c(7)?
-119
Let s(q) = -2517*q - 601529. Determine s(-239).
34
Let t(i) = 3*i**2 + 300*i - 6376. Give t(18).
-4
Let j(a) = -8*a**3 + 17*a**2 + 60*a + 43. What is j(-5)?
1168
Let i(m) = -2*m**3 - 11*m**2 + 249*m - 326. What is i(-15)?
214
Let s(l) = -l**2 - 3188*l - 97908. Give s(-31).
-41
Let l(x) = 78*x - 5989. What is l(92)?
1187
Let k(m) = m**3 - 99*m**2 - 6*m - 34. What is k(99)?
-628
Let a(m) = 372902*m + 1118738. Determine a(-3).
32
Let o(z) = -28819*z - 172925. Calculate o(-6).
-11
Let b(x) = x**2 - 1032*x - 44025. Give b(-41).
-32
Let j(t) = 10988*t - 637303. What is j(58)?
1
Let p(u) = 103*u**2 - 15*u - 18. Give p(-3).
954
Let n(d) = -50*d**3 + 38*d**2 - 77*d + 35. Determine n(2).
-367
Let o(n) = 2911752*n + 2911756. What is o(-1)?
4
Let n(h) = -h**2 - 207*h - 10361. Give n(-83).
-69
Let l(r) = -r**3 - 10*r**2 - 179*r - 781. What is l(-5)?
-11
Let c(p) = -17*p**2 - 169*p - 1355. Calculate c(-16).
-3003
Let u(l) = 3750*l**2 + 86240*l + 9. What is u(-23)?
239
Let s(c) = 5*c**2 - 890*c + 28539. Calculate s(136).
-21
Let c(p) = p**3 - 30*p**2 - 652*p - 219. What is c(44)?
-1803
Let l(o) = -23*o**2 - 733*o + 8. Determine l(-30).
1298
Let a(b) = b**2 - 21*b - 220. Give a(43).
726
Let u(s) = s**3 + 38*s**2 + 284*s - 1064. What is u(-16)?
24
Let o(s) = 3255*s + 113932. Give o(-35).
7
Let h(a) = a**3 + 403*a**2 - 55195*a - 3635. Calculate h(-511).
-58
Let v(a) = -2900*a + 57942. Calculate v(20).
-58
Let l(t) = t**3 + 451*t**2 + 588*t + 265120. What is l(-451)?
-68
Let p(t) = -7*t**3 - 155*t**2 - 23*t - 33. What is p(-22)?
-11
Let w(z) = 430*z - 4562. Give w(8).
-1122
Let c(k) = 2423*k - 118714. Determine c(49).
13
Let m(x) = -138*x**2 - 762*x - 904. Determine m(-4).
-64
Let d(x) = x**2 - 13*x - 815. What is d(37)?
73
Let w(a) = -133*a**2 - 9447*a - 275. Determine w(-71).
9
Let p(r) = 17563*r - 52689. Give p(3).
0
Let l(n) = 49*n**2 - 787*n - 37957. Determine l(37).
5
Let o(c) = -2*c**3 - 275*c**2 - 2662*c + 723. Calculate o(-127).
88
Let r(u) = -1220*u + 1076. Give r(1).
-144
Let x(u) = -113*u - 3085. Determine x(-25).
-260
Let g(x) = 266*x**2 + 374*x - 4. Give g(-2).
312
Let w(f) = -9*f**2 - 2688*f + 115132. What is w(38)?
-8
Let h(p) = p**3 + 40*p**2 - 99*p - 828. Determine h(-40).
3132
Let y(f) = f**3 - 5*f**2 + 1822*f - 12848. Calculate y(7).
4
Let b(m) = 8304*m - 224205. Calculate b(27).
3
Let s(m) = -7*m**2 + 2515*m - 9907. Determine s(4).
41
Let o(n) = -15*n**2 - 525*n + 4337. Give o(8).
-823
Let w(o) = 2*o**2 + 134*o - 799. Determine w(-72).
-79
Let u(l) = 1257*l + 11339. Give u(-9).
26
Let d(s) = -14*s**2 + 108*s - 6. Calculate d(7).
64
Let r(b) = -3*b**3 + 339*b**2 + 12*b - 676. Determine r(113).
680
Let y(g) = -2*g**3 + 29*g**2 + 131*g - 12. Calculate y(-5).
308
Let a(p) = -285*p - 47050. Calcula